.
-9
Let w(l) = -8*l - 2 - 8*l + 15*l. Calculate w(6).
-8
Let c(p) = p**2 + 3*p - 3. Suppose 2*t - 17 - 1 = 0. Let n = t + 3. Suppose -f - n = f. What is c(f)?
15
Let s(q) be the second derivative of -q**5/20 - 7*q**4/12 - 7*q**3/6 + q**2 - 42*q - 2. Calculate s(-6).
8
Let l(m) = -m**2 + m + 9. Let r(b) = -b**2 + b + 10. Let a(g) = -5*l(g) + 4*r(g). Let y(k) = k - 1. Let d = -4 + 9. Let c be y(d). Give a(c).
7
Let j(g) = g. Let q(c) = 3*c - 19. Let v(f) = 2*j(f) - q(f). Let b(t) = -t - 6. Let o be b(-5). Let l be (-1)/(-4) - o/(-4). Give v(l).
19
Let v(b) = -5*b - 22. Let a(k) = k + 3. Let m(d) = -6*a(d) - v(d). Determine m(17).
-13
Let z(w) = 23*w - 21. Let t be z(1). Let y = 1 + 3. Let p(h) = h**2 - y*h - t*h**2 + 78 - 82. Calculate p(-3).
-1
Let z(v) = 177 - 78 - 81 - 5*v**2 - v**3 - 11*v**2. Determine z(-16).
18
Suppose 0*i - 4*i - 226 = 2*b, -2*i - 104 = 4*b. Let k = i + 62. Let w(m) = -3*m. What is w(k)?
-12
Let u(m) = 2*m + 10 - 3 + 0 - 6 - 4*m. Determine u(-10).
21
Suppose -109 + 165 = 7*z. Let i(f) = f**3 - 9*f**2 + 8*f - 5. Calculate i(z).
-5
Let p(g) = -g**3 + 7*g**2 + g + 7. Suppose 0 = 5*x - 4*a + a + 25, 4*x + 37 = -a. Let t = x - -15. Determine p(t).
14
Let l(z) = z**3 + 5*z**2 - 4*z - 8. Let b(j) = -j**3 - 4*j**2 + 2*j + 8. Let a(r) = 2*b(r) + 3*l(r). Determine a(-8).
-8
Suppose f = 5*f + 16. Let y(r) = -r**2 + r + 3. Let d(a) = 15*a**2 + 2*a + 0*a - 3*a - 7 - 12*a**2. Let u(q) = -2*d(q) - 5*y(q). Determine u(f).
-5
Let g(k) be the first derivative of k**5/20 - k**4/12 - k**3/3 - k**2 + 11*k + 3. Let q(c) be the first derivative of g(c). Give q(-2).
-10
Suppose 31 = -4*k - q + 5, q - 2 = 0. Let f(h) = h**2 + 5*h + 3. Calculate f(k).
17
Suppose 0 = 17*d - 12*d + 30. Let s(p) = 13*p**2 - 11*p + 19. Let m(n) = 7*n**2 - 6*n + 10. Let i(b) = d*s(b) + 11*m(b). What is i(-3)?
-13
Let p = -99 - -104. Let m(h) = 3*h + 54 - p*h - 60. Give m(-7).
8
Let c(i) = -35*i - 20. Let f(j) = 12*j + 7. Let s(h) = -6*c(h) - 17*f(h). Let t be 2/(1/(18/2)). Suppose t = g + g - 4*w, -2*w - 7 = -3*g. Give s(g).
-5
Let x(z) = -3*z**2 - 3*z + 5*z**2 + 4*z. Let q(r) = 4*r - 5. Let n be q(1). What is x(n)?
1
Let y(q) = -7*q - q**2 - 6 + 20*q - q. Determine y(10).
14
Suppose 265*n = 256*n + 45. Let f = -1 - -4. Let k(a) = -3*a + n*a - f*a. Give k(3).
-3
Let o(t) = 2*t**2 + 2*t - 2. Let q(j) = 3*j**2 + 4*j - 3. Let f be q(-3). Let h = -10 + f. What is o(h)?
10
Let c(k) = k**2 - k - 7. Let p be c(4). Let m(u) = 0 + u - p*u + 7 + u**2 - 4*u. Calculate m(6).
-5
Let r(i) = i + 7. Suppose -5 - 15 = 4*b. What is r(b)?
2
Let m(r) = -r**3 - 18*r**2 - 18*r - 21. Let i = 628 + -645. What is m(i)?
-4
Suppose 7*p - 2*p = -2*x, 5*p = -10. Suppose 4*l = -x*c + c, -4*l = 2*c - 4. Let k(u) = u + 2*u - 3*u - 3*u**2 - 2*u**3. What is k(c)?
4
Let w be (5 - -7)*4/8. Let q(r) = -r**3 + 7*r**2 - 5*r + 2. What is q(w)?
8
Let y(k) = 3*k - 11. Let m = 650 - 647. Calculate y(m).
-2
Let s(h) = h**3 + 6*h**2 + h - 4. Suppose -5*r - 2*r + 448 = 0. Let z = r + -70. Calculate s(z).
-10
Let z(l) = 2*l**2 - 4*l + 3. Let k(j) = 3*j**3 - 3*j**2 + j. Let a be k(2). Let q = a + -8. Suppose r + 3*w = -q, -w = -0*r + r. Calculate z(r).
9
Let c(m) = -9*m + 263. Let q be c(29). Let n(d) be the first derivative of -5/2*d**q + 7 + 1/3*d**3 + 0*d. What is n(4)?
-4
Let f(g) = -g**3 - 6*g**2 + g - 10. Let h be f(-7). Let y = h + -27. Let r(b) = -b - 4. What is r(y)?
-9
Let i be ((-5 - 8/(-2)) + -5)/(-6). Let x(g) = 17*g - 1. Give x(i).
16
Let s = 9 + -1. Suppose -6 = 2*n - 5*n. Suppose -36 = -n*f + s*f. Let g(p) = 2*p + 6. Determine g(f).
-6
Let v be (-1 + 0 + 0)/(-1). Let s(r) be the second derivative of -r**4/6 - r**3/3 + r**2/2 + 59*r - 37. What is s(v)?
-3
Let o(m) = -3*m + 6 + 12*m + 2 + 0*m + m**2. Let t = -102 + 93. Give o(t).
8
Let a = -35 + 39. Suppose -a*p = 7 + 1, y - 23 = p. Let h = y - 26. Let t(r) = r**2 + 4*r - 2. What is t(h)?
3
Let v be (-6*5/40)/(1/(-16)). Suppose -3*h - v = 3*l, 0*h + 5*l = 2*h + 22. Let a(y) = -y**3 - 6*y**2 + y - 1. Determine a(h).
-7
Let u(v) = 3*v + v**2 + 2 + 0*v - 6. Let h be (15/(-25) - -1)*3/((-3)/10). Give u(h).
0
Let q(j) = -4*j - 7. Let c(x) = 4*x + 6. Let n(z) = 6*c(z) + 7*q(z). Determine n(-9).
23
Let z be (4/(-8))/((-9)/(-180)). Let j(w) = w**3 + 11*w**2 + 13*w + 12. Give j(z).
-18
Let f(u) = 3*u**2 + 1491*u - 2 + 1489*u + 1483*u - 4465*u + 4*u**2. Determine f(2).
22
Let i(s) = -s - 1. Let a(j) = 6*j - 1. Let u(r) = -a(r) - 2*i(r). Let h(c) = 4*c**3 - 2*c**2 - 3*c - 1. Let n be h(-1). Calculate u(n).
19
Let x be -2*(-1)/(-10) + 26/5. Let d(f) = -f**2 + 10*f - 5. Give d(x).
20
Let m(y) = -y - 7. Let d(c) = 8*c + 38. Let o be d(-5). What is m(o)?
-5
Let m(p) be the third derivative of -p**6/120 - p**5/10 - 5*p**4/24 + p**3 + p**2. Let u = 42 + -43. Let t be 30/(-24)*(u + 5). What is m(t)?
6
Let h(j) = -j + 1 - 113*j**2 + j**3 + 116*j**2 + 2. Give h(-4).
-9
Suppose 6*u + 11 + 19 = 0. Let a be 1 - (-5)/(u/(-2)). Let x(q) = q + 1. Let v(d) = -3*d - 3. Let h(m) = -3*v(m) - 8*x(m). Calculate h(a).
4
Let g(h) be the third derivative of -h**5/120 + 35*h**3/6 + 6*h**2. Let l(f) be the first derivative of g(f). Give l(1).
-1
Let m(b) = -b + 1. Let f be (-75)/(-20)*(-40)/(-30). Give m(f).
-4
Suppose 2*p = -0 - 6. Let s be 1/((-4)/2 - p). Let b(k) = -9*k**2 + k - 1. Give b(s).
-9
Let q(n) = -n**3 + 4*n**2 + 5*n + 2. Let z(x) = 2*x**2 + 98*x + 100. Let v be z(-48). Calculate q(v).
22
Suppose -p + 5*d + 3 - 4 = 0, -5*p + 16 = -4*d. Let z(i) = 3 + p*i**2 + i**2 - 4*i**2 + 0*i**2 + 5*i. Suppose -t + 10 = -3*t - f, 4*t + 8 = f. Calculate z(t).
-3
Let h be 33/(-88) + 45/(-8). Let z(y) be the third derivative of y**4/24 - y**3/6 - y**2. What is z(h)?
-7
Let r(c) = -5*c - 13. Let h(w) = 5*w + 10. Let u(f) = 5*h(f) + 4*r(f). Calculate u(2).
8
Let u(o) = -o**2 - 8*o - 6. Let q be u(-7). Let x(v) = 1 + 3*v - 2*v + 9*v - 2*v. What is x(q)?
9
Let x be (12/(-5))/((-3)/(-10)). Let p = -3 - x. Let f(c) = -c**3 + 6*c**2 - 8*c + 6. What is f(p)?
-9
Suppose 4*t = -5*t + 36. Suppose -t*v + 5 = o, 3*o + 7*v - 2*v - 15 = 0. Let j(z) = z - 6. Give j(o).
-1
Let m(b) = -b + 1. Let c(k) = -k + 1. Let s(z) = -5*z + 13. Let g(l) = 6*c(l) - s(l). Let p(d) = -g(d) + 2*m(d). Determine p(4).
5
Let m(n) = -4*n**3 - 9*n**2 + 13*n - 7. Let b(a) = -a**3 - 2*a**2 + 3*a - 2. Let p(r) = -9*b(r) + 2*m(r). What is p(0)?
4
Let i(u) = -3*u + 8. Let j(r) = r**2 + 7*r - 11. Let c be j(-9). Give i(c).
-13
Let i(h) = 3*h**2 - 5*h - 18. Let g(f) = -4*f**2 + 8*f + 29. Let s(t) = -5*g(t) - 8*i(t). Determine s(1).
-5
Let j(q) = -8*q - 5. Let t(i) = -i**3 + 2*i**2 + 20*i - 29. Let k be t(5). Determine j(k).
27
Let k be 3/(-3) + 25/(-5). Let s(a) be the second derivative of -a**3/3 - 9*a**2/2 + 4*a. What is s(k)?
3
Let s(j) = j**2 + 6*j - 5. Let f = 482 + -488. What is s(f)?
-5
Let q(o) = -o - 1. Let x = -247 + 253. Give q(x).
-7
Let m(l) = -l**2 - 5*l. Let r be m(-3). Let a be (10/r)/((-1)/(-6)). Let q = a + -10. Let g(b) = b**3 - b + 6. What is g(q)?
6
Let v(j) = j - 1. Let c be (1 - -1) + 0 + 2. Give v(c).
3
Suppose 2*q = -2*q + 28. Let n(s) = -q*s + 6*s - 2 + 2*s. What is n(-6)?
-8
Suppose m = -3*i + 10, -2*i = -5*i - 2*m + 8. Let z(j) = -j**3 + 4*j**2 - 2*j - 2. What is z(i)?
-10
Let a(q) = 9*q - 1. Suppose 0 = -3*f + 5*l + 40, -78 = -4*f - f - 3*l. Let g(s) = s**2 - 13*s - 28. Let n be g(f). Calculate a(n).
17
Let o(b) = b - 5. Suppose 0 = -0*j + 6*j - 24. Suppose -2*k = -j*c - 30, -3*k + 4*k = c + 11. Give o(k).
2
Let o(z) = 2*z**2 + z + 1. Let l(w) = -11*w**2 - 14*w + 14. Let x(t) = -l(t) - 5*o(t). What is x(-8)?
-27
Let r(b) = -2*b**2 + 23*b - 53. Let d be r(8). Let l(n) = n**2 - 2. What is l(d)?
7
Let y = 1 + 3. Let z be 8/(-20) + (-27)/(-5). Let q(w) = w - y*w + z*w - w. Determine q(1).
1
Let p = -3 + 6. Suppose 0 = 4*f - 3*b + 2 + 1, 3 = p*b. Let j(m) = -m + 5. Let h be j(f). Let g(l) = -l**3 + 5*l**2 + 4. Give g(h).
4
Let f be (-7)/(49/(-7)) - 6. Let g(h) = 9*h. Calculate g(f).
-45
Let f(u) = 672*u**3 - 1347*u**3 + 676*u**3 - 2 - 3*u. Determine f(3).
16
Let b(n) = -2*n - 5. Let h(w) = -2*w - 12. Let q = -46 - -42. Let j be h(q). Determine b(j).
3
Let y(f) be the first derivative of -f**7/840 + 7*f**6/360 - 7*f**5/120 + f**4/24 + 43*f**3/3 - 8. Let u(b) be the third derivative of y(b). Calculate u(6).
-5